(-23)?
2, 3, 5, 7
Suppose -x - 10*x + 132 = 0. Suppose -x*o - 14*o = -12038. List the prime factors of o.
463
Suppose -37 = -m + 26*g - 22*g, 0 = -5*m + g + 166. Suppose 4*k = 0, -x + 64 = 3*k - 25. Let h = x + m. What are the prime factors of h?
2, 61
List the prime factors of 1 - (3 - (-4 - -13247)).
13241
Suppose -1 - 3 = 3*f - 2*c, 0 = 4*f - 5*c + 10. Suppose -350 = -f*i - 2*i - 3*u, -4*i + 672 = -u. List the prime factors of i.
13
Suppose 74*d - 432528 = 63549 - 76719. What are the prime factors of d?
3, 1889
Let v = -1 + 1. Suppose -4*s - r + 4 = -2*s, -5*r = 0. Suppose 5*t + s*h - 35 = v, 2*t - 2*h - 17 = 11. List the prime factors of t.
3
Let r(j) = 244*j**2 - 124*j + 40. What are the prime factors of r(16)?
2, 5, 17, 89
Let p = -103 - -115. Suppose 551 = p*w - 4321. List the prime factors of w.
2, 7, 29
Let h = 32508 + -22535. List the prime factors of h.
9973
Let m = 21391 + -8470. List the prime factors of m.
3, 59, 73
Suppose 2*x = 6*x + 152. Let y = 43 + x. Suppose -4*j - y*c = -314, j - c = 3*c + 89. What are the prime factors of j?
3
Suppose 0 = 2*x + 4*o - 8984, 13491 = 3*x - 29*o + 32*o. Suppose 3*v = -4*h + x, h = -6*v + 3*v + 4487. List the prime factors of v.
2, 3, 83
Let n = 0 + 38. Suppose -2*r = -3*t + 22, -2*t = 4*r + 38 + n. Let z = r - -87. What are the prime factors of z?
2, 5, 7
Let x(q) = q**2 + 2*q + 139. Let v be x(0). Let h = v - 58. Suppose 5*i + t - 121 = h, i = 2*t + 36. List the prime factors of i.
2, 5
Let w(n) be the second derivative of 25*n**3/6 - 11*n**2/2 - 185*n. List the prime factors of w(29).
2, 3, 7, 17
Let n(p) = -p**3 + 17*p**2 + 18*p + 2. Let j be n(18). Suppose -5 = 2*w + 3*w, -j*w = -2*m + 330. List the prime factors of m.
2, 41
Let d be (-2)/4 + 1902/(-12). Let v(r) = -2*r**3 - 17*r**2 + 25*r - 7. Let l be v(-11). Let k = d + l. List the prime factors of k.
2, 41
Let t(r) = 802*r - 6774. List the prime factors of t(39).
2, 3, 1021
Let o(w) = -373*w - 702. List the prime factors of o(-4).
2, 5, 79
Suppose 19*r - 16 - 79 = 0. List the prime factors of (-64 + 3)/((-1)/r).
5, 61
Let x = -18 - 0. Let r be ((-104)/(-12))/(-1)*x. Suppose -8*s + 11*s = r. List the prime factors of s.
2, 13
Let j(i) = 97*i + 5849. List the prime factors of j(105).
2, 8017
What are the prime factors of ((-477772)/(-155) + 8)*2*5?
2, 3863
Suppose -h + 398 = 393. Suppose 196 = 3*p - 2*s + 6*s, p - 69 = -h*s. What are the prime factors of p?
2
Suppose -145*i + 305*i + 168202 = 197*i. List the prime factors of i.
2, 2273
Suppose 2*x + 1124 = -2*c - 2*c, -x + 1136 = -4*c. Let t = -81 - c. List the prime factors of t.
2, 101
Suppose -15*m + 29270 = -34435. Suppose 10183 + m = -13*p. List the prime factors of (1 + 0)/(5 - (-5544)/p).
5, 37
Let q be (96 - 53) + 2*-3. Let v(c) = -2*c + 310. List the prime factors of v(q).
2, 59
Let s(t) = -2*t**2 - 14*t - 21. Let a be s(-3). Suppose a*v - 2348 = -5*q + 2992, -4*v = -4*q - 7152. List the prime factors of v.
3, 5, 7, 17
Suppose -8*b + 2 - 10 = 0. List the prime factors of (b - (-1)/3)/((-3)/27).
2, 3
Let r(z) = -24*z**3 + 4*z**2 + 12*z - 70. What are the prime factors of r(-7)?
2, 3, 7, 197
List the prime factors of (-1)/2 - ((-67386)/4)/11*17.
5, 41, 127
List the prime factors of (17117553/(-2355))/(1/(-5)).
36343
Let u(m) = m**3 - m**2 + 3*m + 3. Let v = 53 - 50. Let q be u(v). Let r = 34 - q. List the prime factors of r.
2
Suppose 3*r - 8601 = -62*y + 63*y, 8613 = 3*r + 3*y. What are the prime factors of r?
2, 3, 239
Suppose -2*y - 3*s - 604 = -50, -2*y - 5*s - 550 = 0. Let d = -256 - y. What are the prime factors of d?
2, 3
Let m = 207 - 300. Let z = m + 29. Let w = -44 - z. What are the prime factors of w?
2, 5
Suppose 10*u - 94354 = -2*q, -4*u = -2*u + 16. What are the prime factors of q?
3, 15739
Let r = 38 + -60. Let o = -28 - r. Let g = o - -50. What are the prime factors of g?
2, 11
Let m(o) = -156*o - 133. What are the prime factors of m(-36)?
5483
Suppose 35056 = 4*v + 4*l, -v = 2*v + l - 26290. List the prime factors of v.
3, 23, 127
Suppose -6 + 0 = -3*n. Let y(p) = -14 - 23*p + 18 + 5 - p**3 + 13*p**n. What are the prime factors of y(9)?
2, 3, 7
Let s(c) = 10*c + 46. Let i(h) = -18*h - 92. Let v(o) = 2*i(o) + 5*s(o). What are the prime factors of v(15)?
2
Let p = -47 - -50. Let j be (-1)/p + (-625)/(-75). Let q(i) = 3*i - 3. What are the prime factors of q(j)?
3, 7
Let q(t) = 63*t - 54*t + 472 - 15*t**2 + 19*t**2. What are the prime factors of q(0)?
2, 59
Let n be (-1)/(50/(-120) + 1/4). Suppose 0 = n*r - 2*r - 624. What are the prime factors of r?
2, 3, 13
Let y(m) = m**2 + 4*m. Let j be y(-5). Suppose -2*d - 2*k + 14 = 0, k - 20 = j*k. Suppose -14*a = -d*a - 42. List the prime factors of a.
3, 7
Let f(h) = h - 5. Let y be f(6). Let b = 150 - 133. What are the prime factors of (9 - 6)*b/y?
3, 17
Suppose 0 = 65*d - 71*d + 384. Let v = d + 150. What are the prime factors of v?
2, 107
List the prime factors of (-6)/(-4)*(-47)/(47/(-4558)).
3, 43, 53
What are the prime factors of (129 - 16)*(4 + -2 + 5)?
7, 113
Let h = -174 - -353. Suppose s - 2*x + 46 = 0, -57 + h = -3*s + 2*x. Let d = -17 - s. What are the prime factors of d?
3, 7
Let t(f) = 2*f**2 - 23*f - 23. Let a(m) = 2*m**2 + 5*m - 3. Let l be a(-4). Suppose -l*z - 198 = -20*z. What are the prime factors of t(z)?
211
Let n(v) = -v**2 + 28*v + 31. Let d be n(27). Suppose 43*g = d*g - 12540. What are the prime factors of g?
2, 11, 19
Let d be 6*((-210)/171 + (-8)/76). List the prime factors of 110/d*(-68)/1.
5, 11, 17
What are the prime factors of (-53 - -54)/((2 + (-1 - 0))/269)?
269
Let c be 27/6*2*(-12)/18. List the prime factors of 10 + (-234)/c - (-5 + 1).
53
Let g be (-3)/((-3)/210 + 0). Suppose -1219 - 2505 = -28*l. Let x = g - l. List the prime factors of x.
7, 11
Let c(v) = -2*v - 45. Let h(r) = -r. Let m(l) = -c(l) + 6*h(l). Let k be m(11). List the prime factors of -146*(k/(-3))/((-14)/(-42)).
2, 73
List the prime factors of 418*-39*(-8 + (41 - 34)).
2, 3, 11, 13, 19
Let f be -5 + 2 + (-3 - -2). Let o be 2 + -2 - (176 + f). Let y = -80 - o. List the prime factors of y.
2, 23
Let b(o) = 104*o**3 + 4*o**2 + 3*o - 30. What are the prime factors of b(3)?
3, 941
Let c(f) be the second derivative of 5*f**4/6 - 7*f**3/6 + 9*f**2/2 - 20*f. Let n be c(6). Suppose 2*h - 7 - n = 0. List the prime factors of h.
167
Suppose 25*d - 155196 = 108754. What are the prime factors of d?
2, 5279
Let a be -13 + (-1 - 4/(-4 + 0)). Let r(c) = -32*c + 51. Let w be r(a). Suppose -g = z - 179, -3*g = 2*z - w + 113. What are the prime factors of z?
3, 61
Let m be (6 + -8 + -2)/(1/(-107)). List the prime factors of (m/(-4))/((-4)/8).
2, 107
Let u(v) = -16*v + 16. Let d be u(2). Let y(k) = k + 9. Let g be y(d). List the prime factors of (g - 20)/(0 - (-3)/(-15)).
3, 5
Suppose -w + 89593 = 3*h, -2163*h = -2159*h + 3*w - 119444. List the prime factors of h.
29867
Let r(g) = g**3 + 2*g**2 - g. Let h be r(1). Let l(p) = 6*p**2 - 2 + 5 + h - p. List the prime factors of l(3).
2, 7
Let a be (-3)/(-1)*(1 - 18). Let r = 57 + a. What are the prime factors of (-8)/r*((-211)/2 - 1)?
2, 71
Let y(r) = -r**3 - 2*r + 7 + 8*r**2 - 5*r - r. Let x be y(7). Suppose -4*o + 112 = 2*j - 0*j, x = 2*o + 2*j - 58. List the prime factors of o.
3
Suppose -4*g + 6*g + 2 = 0. Let a be g/(-4) + 11250/120. Suppose 0 = 3*n - 4*n + a. What are the prime factors of n?
2, 47
Suppose 9*k = 8*k + 2. Suppose x - 727 = -2*b, -7*b + 4*x = -k*b - 1850. List the prime factors of b.
2, 3, 61
Let a = 656 - 268. Suppose 4830 = -a*c + 391*c. What are the prime factors of c?
2, 5, 7, 23
Suppose -s = s. Suppose s = -0*o - o + 63. Suppose c = 4*c - o. List the prime factors of c.
3, 7
Let l(g) = -47*g - 72*g**3 + 138*g**3 + 14 - 67*g**3 + 27*g**2. List the prime factors of l(25).
89
Suppose -64 = w + 216. Let i = 167 + w. Let o = i + 328. List the prime factors of o.
5, 43
Let n be (-4)/(-14) + (-384)/21. Let d(o) = -o**2 - 18*o + 2. Let i be d(n). Suppose q - 333 = -i*q + 3*z, -2*q + 3*z = -218. What are the prime factors of q?
5, 23
Suppose -4*c + 7517 = -39831 - 15800. List the prime factors of c.
15787
Suppose -12484817 = -695*u - 1337017. List the prime factors of u.
2, 5, 401
Let t be 1 - 4127/(-4) - (-99)/(-132). List the prime factors of ((-4)/(32/t))/((-1)/6).
2, 3